s -10 (base 8) in base 11?
-8
What is 6 (base 11) in base 7?
6
Convert 100 (base 4) to base 11.
15
What is -20 (base 6) in base 10?
-12
Convert -1 (base 13) to base 16.
-1
Convert a9 (base 16) to base 14.
c1
Convert 0 (base 13) to base 15.
0
Convert -134 (base 15) to base 8.
-422
Convert 3 (base 11) to base 6.
3
What is 1 (base 12) in base 8?
1
Convert -1 (base 9) to base 13.
-1
Convert 64 (base 12) to base 3.
2211
Convert -244 (base 5) to base 16.
-4a
Convert 4 (base 16) to base 9.
4
-7 (base 11) to base 8
-7
What is -82 (base 12) in base 11?
-8a
2 (base 8) to base 11
2
What is -11 (base 2) in base 14?
-3
-a (base 13) to base 11
-a
What is -4 (base 10) in base 8?
-4
What is 1101 (base 2) in base 13?
10
-4 (base 7) to base 4
-10
3 (base 10) to base 2
11
-2021 (base 3) to base 9
-67
What is -c (base 13) in base 15?
-c
What is -203 (base 4) in base 10?
-35
What is -1101100 (base 2) in base 14?
-7a
What is 4a (base 12) in base 14?
42
What is 0 (base 13) in base 14?
0
11101000 (base 2) to base 7
451
Convert -54 (base 9) to base 8.
-61
Convert 0 (base 15) to base 12.
0
What is -1 (base 6) in base 3?
-1
What is 10 (base 8) in base 7?
11
Convert -13 (base 6) to base 2.
-1001
Convert 2 (base 14) to base 2.
10
Convert 3 (base 8) to base 2.
11
Convert 3 (base 5) to base 9.
3
What is 10 (base 2) in base 9?
2
-2 (base 10) to base 16
-2
-1 (base 8) to base 10
-1
What is -41 (base 14) in base 3?
-2010
Convert 45 (base 15) to base 3.
2102
Convert 2123 (base 4) to base 15.
a5
Convert -1331 (base 5) to base 13.
-138
Convert -12 (base 9) to base 7.
-14
-1011 (base 2) to base 16
-b
Convert -4b (base 13) to base 15.
-43
-77 (base 16) to base 10
-119
What is -11 (base 5) in base 12?
-6
What is 3 (base 5) in base 12?
3
What is -3 (base 5) in base 6?
-3
Convert -8 (base 15) to base 10.
-8
Convert -1 (base 4) to base 6.
-1
Convert 1 (base 7) to base 10.
1
What is -69 (base 15) in base 4?
-1203
What is 0 (base 14) in base 16?
0
152 (base 9) to base 8
200
-12 (base 10) to base 9
-13
Convert 14 (base 10) to base 11.
13
34 (base 6) to base 9
24
Convert a7 (base 12) to base 6.
331
Convert 44 (base 5) to base 16.
18
-6 (base 8) to base 15
-6
Convert -18 (base 12) to base 9.
-22
-3 (base 6) to base 4
-3
Convert -6 (base 13) to base 14.
-6
What is 145 (base 14) in base 16?
101
Convert -20 (base 14) to base 13.
-22
What is 225 (base 9) in base 6?
505
Convert 3 (base 6) to base 11.
3
What is -275 (base 9) in base 16?
-e6
What is -1 (base 5) in base 7?
-1
What is -17 (base 11) in base 15?
-13
-122 (base 6) to base 5
-200
What is 10 (base 6) in base 13?
6
What is 461 (base 7) in base 11?
1a8
Convert 4 (base 6) to base 13.
4
Convert 3a (base 15) to base 9.
61
Convert 277 (base 10) to base 8.
425
What is -2311 (base 4) in base 10?
-181
3c (base 13) to base 3
1220
1 (base 8) to base 4
1
Convert 3 (base 14) to base 11.
3
Convert 227 (base 12) to base 4.
10333
-3 (base 11) to base 3
-10
What is 1 (base 8) in base 9?
1
What is 0 (base 13) in base 6?
0
What is 0 (base 9) in base 14?
0
Convert 27 (base 11) to base 2.
11101
Convert 4 (base 14) to base 15.
4
-10001010 (base 2) to base 13
-a8
Convert -200 (base 13) to base 15.
-178
Convert -2 (base 11) to base 3.
-2
What is 8 (base 12) in base 14?
8
0 (base 9) to base 10
0
4 (base 11) to base 12
4
Convert -49 (base 13) to base 3.
-2021
99 (base 13) to base 9
150
Convert 10010 (base 2) to base 12.
16
What is 15 (base 13) in base 15?
13
Convert 22 (base 14) to base 7.
42
-3 (base 11) to base 6
-3
What is -3 (base 16) in base 10?
-3
Convert 33 (base 8) to base 4.
123
What is 45 (base 7) in base 13?
27
-3 (base 12) to base 6
-3
What is -13 (base 7) in base 6?
-14
0 (base 13) to base 15
0
Convert 33 (base 8) to base 9.
30
-4 (base 6) to base 10
-4
Convert 3 (base 8) to base 11.
3
What is -4 (base 8) in base 16?
-4
What is 1 (base 4) in base 6?
1
Convert -10 (base 5) to base 6.
-5
Convert -1 (base 9) to base 5.
-1
Convert -2 (base 11) to base 12.
-2
Convert -3 (base 4) to base 10.
-3
101 (base 9) to base 2
1010010
-3 (base 8) to base 2
-11
Convert 10101001 (base 2) to base 4.
2221
-100010 (base 2) to base 12
-2a
Convert -44 (base 5) to base 3.
-220
What is 2 (base 16) in base 2?
10
-1 (base 13) to base 4
-1
-1001 (base 3) to base 8
-34
Convert 3 (base 5) to base 9.
3
-1 (base 7) to base 12
-1
2 (base 6) to base 2
10
Convert -3d (base 15) to base 13.
-46
Convert 4 (base 6) to base 5.
4
Convert -1 (base 5) to base 10.
-1
Convert 17 (base 15) to base 12.
1a
Convert 2 (base 11) to base 10.
2
Convert -17 (base 11) to base 5.
-33
Convert -11010 (base 2) to base 6.
-42
What is 10 (base 5) in base 3?
12
-323 (base 5) to base 14
-64
Convert 308 (base 12) to base 15.
1e5
3 (base 9) to base 15
3
290 (base 10) to base 14
16a
What is 166 (base 8) in base 2?
1110110
What is 21 (base 12) in base 5?
100
Convert 23 (base 13) to base 11.
27
1311 (base 4) to base 8
165
-1 (base 7) to base 13
-1
What is a (base 15) in base 5?
20
Convert -453 (base 6) to base 5.
-1202
What is -33 (base 5) in base 11?
-17
321 (base 5) to base 14
62
What is -1 (base 16) in base 15?
-1
422 (base 5) to base 14
80
Convert 51 (base 6) to base 9.
34
Convert -6 (base 10) to base 2.
-110
-13 (base 6) to base 5
-14
Convert -99 (base 12) to base 11.
-a7
Convert 19b (base 13) to base 11.
250
Convert -2 (base 13) to base 7.
-2
-2 (base 12) to base 3
-2
Convert -415 (base 6) to base 11.
-131
Convert -2 (base 8) to base 9.
-2
Convert 2 (base 16) to base 15.
2
What is 3 (base 9) in base 6?
3
Convert -153 (base 8) to base 7.
-212
What is -12 (base 4) in base 8?
-6
Convert -2 (base 8) to base 11.
-2
What is -6 (base 13) in base 2?
-110
What is 1 (base 5) in base 7?
1
Convert -7 (base 9) to base 15.
-7
Convert 4 (base 8) to base 2.
100
Convert -7 (base 16) to base 2.
-111
What is 1103 (base 5) in base 3?
12200
Convert 2044 (base 5) to base 7.
541
Convert 1132 (base 4) to base 8.
136
What is -100101 (base 2) in base 6?
-101
Convert 1 (base 3) to base 6.
1
10023 (base 4) to base 5
2032
-3 (base 16) to base 13
-3
What is -276 (base 9) in base 6?
-1023
What is -182 (base 12) in base 16?
-f2
Convert -2 (base 9) to base 4.
-2
-3110 (base 4) to base 14
-112
Convert 3 (base 15) to base 5.
3
Convert -37 (base 9) to base 7.
-46
-2 (base 9) to base 6
-2
-3 (base 14) to base 2
-11
-3 (base 7) to base 14
-3
What is 101 (base 2) in base 10?
5
Convert 3 (base 15) to base 7.
3
10 (base 2) to base 13
2
Convert 58 (base 11) to base 2.
111111
What is 144 (base 6) in base 5?
224
-3 (base 15) to base 11
-3
What is -6 (base 12) in base 6?
-10
What is -7 (base 10) in base 5?
-12
13 (base 6) to base 12
9
1 (base 10) to base 12
1
3 (base 14) to base 7
3
Convert 3 (base 5) to base 2.
11
What is 0 (base 3) in base 7?
0
What is 8 (base 15) in base 14?
8
Convert -10 (base 5) to base 15.
-5
What is 21 (base 13) in base 4?
123
What is -1 (base 5) in base 6?
-1
What is 0 (base 12) in base 5?
0
-1321 (base 5) to base 9
-254
330 (base 6) to base 8
176
What is 16 (base 9) in base 14?
11
-120 (base 3) to base 5
-30
Convert -8 (base 9) to base 7.
-11
204 (base 9) to base 14
bc
Convert 59 (base 12) to base 10.
69
Convert -5 (base 10) to base 2.
-101
What is -3 (base 9) in base 14?
-3
What is -11 (base 6) in base 5?
-12
Convert 11101010 (base 2) to base 10.
234
2 (base 16) to base 9
2
0 (base 4) to base 5
0
24 (base 8) to base 9
22
-1 (base 10) to base 4
-1
Convert 100011 (base 2) to base 7.
50
Convert 133 (base 4) to base 7.
43
What is -3 (base 10) in base 15?
-3
Convert -30 (base 4) to base 14.
-c
Convert 6 (base 12) to base 5.
11
What is 18 (base 11) in base 8?
23
Convert -4 (base 13) to base 4.
-10
What is 121 (base 10) in base 2?
1111001
Convert -11 (base 9) to base 16.
-a
Convert 44 (base 15) to base 2.
1000000
What is -62 (base 9) in base 10?
-56
Convert -16 (base 7) to base 10.
-13
Convert -6 (base 8) to base 3.
-20
What is -1c (base 16) in base 10?
-28
Convert -10 (base 14) to base 2.
-1110
What is -6 (base 10) in base 2?
-110
What is -4 (base 15) in base 2?
-100
Convert -3 (base 8) to base 12.
-3
Convert 68 (base 10) to base 2.
1000100
0 (base 15) to base 13
0
Convert -11 (base 9) to base 13.
-a
-1 (base 14) to base 6
-1
What is 31 (base 7) in base 14?
18
Convert -244 (base 6) to base 16.
-64
Convert -11 (base 9) to base 2.
